60. Determine x(-40).
-40
Let b(o) = -o**3 + 402*o**2 - 12*o + 4825. Calculate b(402).
1
Let d(w) = 57*w - 19980. What is d(355)?
255
Let f(l) = 2*l**3 - 23*l**2 + 5577*l - 61277. Calculate f(11).
-51
Let g(t) = -t**3 - 54*t**2 + 78*t + 61. Calculate g(-55).
-1204
Let x(a) = -3073*a - 125993. Calculate x(-41).
0
Let t(z) = -86*z**2 - 34353*z - 15566. Calculate t(-399).
-5
Let p(z) = 6640*z + 238889. Give p(-36).
-151
Let o(s) = s**3 + 44*s**2 + 10*s - 1261. Give o(-44).
-1701
Let f(c) = 2670472*c - 8011412. What is f(3)?
4
Let c(r) = -5*r**2 + 2863*r - 117744. Determine c(528).
0
Let o(u) = 9291*u + 371646. Give o(-40).
6
Let d(a) = a**3 - 20*a**2 - 695*a + 42. What is d(-17)?
1164
Let b(n) = 15*n**2 + 908*n + 13719. Determine b(-32).
23
Let o(z) = -7*z**2 + 163*z + 4280. Calculate o(39).
-10
Let k(t) = 39898*t**2 - 598483*t + 199. Calculate k(15).
4
Let o(m) = -36*m**2 + 316*m - 602. What is o(6)?
-2
Let a(v) = 20*v**2 - 1751*v - 800. Calculate a(88).
-8
Let o(v) = -8953*v + 13196750. Give o(1474).
28
Let r(h) = -2*h**2 - 9496*h + 56888. Calculate r(6).
-160
Let n(x) = -810*x**2 - 8941*x - 321. What is n(-11)?
20
Let z(t) = -176*t - 9766. What is z(-46)?
-1670
Let d(r) = -r**3 - 49*r**2 - 519*r - 5005. Give d(-39).
26
Let k(g) = 8544*g + 393003. Calculate k(-46).
-21
Let o(v) = 2834978*v - 8504934. Calculate o(3).
0
Let g(w) = w**3 + 2046*w**2 + 36510*w + 12175. Determine g(-2028).
7
Let m(t) = -t**2 - 6091*t - 355874. Calculate m(-59).
14
Let a(t) = -2735*t + 98728. Calculate a(36).
268
Let h(u) = -1086*u + 310. Give h(1).
-776
Let t(n) = -29*n**2 - 4*n - 29. What is t(7)?
-1478
Let n(t) = -5*t**2 - 213*t + 367. Calculate n(-44).
59
Let s(c) = c**3 + 9*c**2 + 85*c - 571. Determine s(7).
808
Let s(j) = -2*j**3 - 772*j**2 + 830*j + 21675. Calculate s(-387).
3
Let v(f) = -53*f**2 - 604*f - 1329. Calculate v(-3).
6
Let a(h) = 1050*h + 12303. Calculate a(-15).
-3447
Let f(o) = o**2 - 46*o - 1977. Give f(61).
-1062
Let f(v) = 587*v - 3619. Determine f(16).
5773
Let s(a) = -57*a**2 - 16660*a - 4666. Determine s(-292).
6
Let p(x) = x**2 + 12783*x - 7402584. Calculate p(555).
6
Let c(u) = -32*u - 2292. What is c(-49)?
-724
Let o(w) = -6251*w - 37125. Determine o(-6).
381
Let k(g) = g**3 - 182*g**2 + 6843*g + 925. Calculate k(129).
1699
Let l(q) = 205*q**2 + 9227*q + 67. Determine l(-45).
-23
Let n(u) = -38*u - 6149. Give n(-163).
45
Let u(k) = k**3 + 160*k**2 + 2390*k + 12369. Calculate u(-144).
-15
Let r(i) = i**3 - 213*i**2 - 32778*i - 60231. Give r(317).
-1
Let b(j) = 3*j**3 + 25*j**2 - 11*j - 1. Determine b(-9).
-64
Let h(b) = -18*b**2 + 15988*b - 3544. Determine h(888).
8
Let a(l) = -l**3 - 67*l**2 + 10043*l + 648586. Calculate a(-63).
1
Let z(t) = 55577*t - 5613272. Give z(101).
5
Let b(u) = -982*u + 344676. Determine b(351).
-6
Let t(g) = 74*g**3 - 99*g**2 + 105*g - 8. Calculate t(1).
72
Let v(h) = 41*h - 374. Determine v(12).
118
Let r(p) = -7*p**3 + 4*p**2 + 5*p - 6. What is r(-6)?
1620
Let z(n) = 9*n**2 + 1974*n + 33158. Calculate z(-201).
-7
Let g(f) = 5*f**2 - 443*f - 533. Calculate g(91).
559
Let y(m) = -4*m**3 - 616*m**2 - 355*m - 54679. Determine y(-154).
-9
Let m(c) = 1198*c + 11592. Give m(-13).
-3982
Let w(h) = -h**2 + 198*h + 7822. What is w(-37)?
-873
Let a(t) = 4*t**3 - 421*t**2 + 108*t + 535. Calculate a(105).
850
Let w(q) = 9*q**2 - 795*q - 116040. What is w(166)?
-6
Let m(g) = 6*g**2 - 697*g - 2046. What is m(119)?
-23
Let i(s) = -52829*s - 633960. Give i(-12).
-12
Let l(d) = -2*d**3 - 1227*d**2 - 13832*d + 8431. Calculate l(-602).
3
Let w(y) = -9*y**2 - 2238*y + 23378. Determine w(10).
98
Let q(f) = -99725*f + 398987. What is q(4)?
87
Let l(h) = -2*h**3 - 79*h**2 - 17*h - 151. Determine l(-39).
-1009
Let o(z) = -332090*z + 1660456. Calculate o(5).
6
Let t(s) = 105136*s - 1787320. Calculate t(17).
-8
Let c(l) = -3*l**3 + 911*l**2 - 7944*l + 16. What is c(9)?
124
Let r(m) = -1330*m - 18898. Give r(-12).
-2938
Let n(q) = q**3 + 54*q**2 + 81*q + 1248. Give n(-52).
2444
Let q(j) = -28670*j**2 - 14*j + 7. What is q(0)?
7
Let l(w) = 434*w**2 + 6083*w + 74. What is l(-14)?
-24
Let v(o) = -2*o**3 + 176*o**2 - 2980*o - 206. Calculate v(23).
24
Let s(i) = -12*i**2 - 153*i - 527. Determine s(-11).
-296
Let c(a) = 3*a**3 - 65*a**2 - 198*a + 5130. Calculate c(21).
90
Let w(c) = 2*c**3 - 769*c**2 - 1930*c - 1937. Determine w(387).
-2
Let h(v) = -v**3 - 407*v**2 + 14998*v + 1772. What is h(-441)?
8
Let y(a) = 6480*a - 2442956. What is y(377)?
4
Let h(u) = -2*u**2 - 705*u - 14402. What is h(-22)?
140
Let i(u) = 460*u**3 - 27*u**2 - 36*u - 5. Give i(-1).
-456
Let o(q) = 3075*q - 12415. Calculate o(4).
-115
Let t(y) = 513*y + 12787. What is t(-25)?
-38
Let b(r) = -r**2 - 23*r - 696. Calculate b(-31).
-944
Let j(q) = 48898*q + 97809. Calculate j(-2).
13
Let r(b) = -12*b**2 + 1881*b - 124. Determine r(156).
1280
Let b(f) = f**2 + 87*f + 331. Calculate b(-82).
-79
Let i(g) = g**2 + 5748*g - 167562. Calculate i(29).
-29
Let p(a) = 30*a**3 - 135*a**2 - 48*a - 94. Give p(5).
41
Let x(n) = -8*n**2 - 159452*n + 159453. Determine x(1).
-7
Let c(r) = -r**3 + 13*r**2 + 1699*r - 15613. Give c(9).
2
Let x(y) = 61593*y + 184823. Calculate x(-3).
44
Let f(i) = -i**3 - 12*i**2 - 444*i - 5809. Determine f(-13).
132
Let d(j) = -j**3 + 147*j**2 - 575*j + 450. Calculate d(143).
21
Let b(m) = -23*m**2 + 243*m - 709. Determine b(3).
-187
Let s(j) = -19086*j + 3511843. Calculate s(184).
19
Let y(l) = 66*l**2 - 2941*l + 14696. What is y(5)?
1641
Let p(y) = 3031*y - 106178. Give p(35).
-93
Let a(u) = 39718*u + 476622. Give a(-12).
6
Let c(m) = 2499*m**2 - 57480*m + 62. Calculate c(23).
-7
Let b(g) = -218*g - 7593. Calculate b(-40).
1127
Let l(y) = 105141*y**2 - 946271*y + 19. Calculate l(9).
1
Let f(d) = 9062*d - 353414. Give f(39).
4
Let r(y) = 17399*y + 52153. Give r(-3).
-44
Let h(w) = 5*w**3 - 315*w**2 - 1334*w + 24. Give h(-4).
0
Let g(u) = u**3 + 11*u**2 + 2034*u + 16075. What is g(-8)?
-5
Let r(f) = 1909*f + 103072. Calculate r(-54).
-14
Let y(g) = -30*g**2 + 7699*g + 2813. What is y(257)?
-14
Let r(n) = -1721*n + 5176. What is r(3)?
13
Let a(l) = 7*l**2 + 342*l - 73. Determine a(-49).
-24
Let a(i) = -90325*i + 1716169. What is a(19)?
-6
Let q(w) = -w**3 + 56*w**2 + 35504*w - 1923056. Determine q(54).
-8
Let p(r) = 14*r**2 - 85*r - 16. What is p(0)?
-16
Let y(a) = -29*a**2 + 832*a - 139. What is y(28)?
421
Let c(m) = -5*m**2 + 7528*m - 465445. Determine c(1441).
-2
Let i(r) = r**2 + 1447*r - 41306. Determine i(28).
-6
Let c(n) = n**2 + 510*n + 13493. What is c(-482)?
-3
Let h(t) = 4*t**3 - 54*t**2 - 708*t - 159. Calculate h(-8).
1
Let h(c) = -2*c**3 - 4*c**2 + 55*c - 176. Calculate h(7).
-673
Let y(z) = -22*z - 864. Calculate y(-26).
-292
Let o(v) = 4*v**2 + 843*v + 17753. Give o(-187).
-12
Let h(p) = -p**3 - 61*p**2 - 792*p - 24. Calculate h(-42).
-276
Let d(k) = k**3 - 45*k**2 - 338*k + 6966. Calculate d(49).
8
Let s(u) = 10*u**3 - 411*u**2 - 1274*u - 76. Calculate s(44).
12
Let y(r) = -14146*r - 452678. Calculate y(-32).
-6
Let d(s) = 7*s**2 - 76*s + 206. Give d(13).
401
Let o(r) = 2284*r + 203282. Determine o(-89).
6
Let f(l) = 955*l + 253069. What is f(-265)?
-6
Let t(d) = -d**3 + 337*d**2 + 24729*d + 3632. What is t(399)?
41
Let g(w) = -302*w**2 - 5135*w - 61. Determine g(-17).
-44
Let v(i) = 602*i - 67969. Determine v(113).
57
Let v(g) = 26229*g + 131174. What is v(-5)?
29
Let o(u) = 17*u**2 + 635*u + 293. Determine o(-34).
-1645
Let d(i) = -i**2 + 18673*i - 2097283. Give d(113).
-3
Let a(x) = 399280*x + 3593529. Calculate a(-9).
9
Let c(u) = -u**3 - 26*u**2 - 16359*u + 32830. What is c(2)?
0
Let k(a) = -16619*a - 83202. Calculate k(-5).
-107
Let k(s) = 172049*s - 344104. Calculate k(2).
-6
Let r(l) = -1117*l - 16698. What is r(-15)?
57
Let d(h) = 30*h + 967. Determine d(-23).
277
Let w(b) = b**3 + 58*b**2 + 28153*b + 1570272. Determine w(-56).
-24
Let o(c) = -20*c**2 - 2253*c + 841. Determine o(-113).
50
Let a(g) = -32*g**2 - 176*g + 11020. What is a(16)?
12
Let q(s) = -20406*s + 81648. Determine q(4).
24
Let d(a) = 2*a**3 + 106*a**2 + 89*a + 4599. Give d(-53).
-118
Let d(t) = t**2 - 86154*t - 1292629. What is d(-15)?
-94
Let w(j) = j**2 + 1576*j + 105454. Give w(-70).
34
Let j(o) = -2*o**3 + 14*o**2 + 9309*o - 46639. Give j(5).
6
Let f(u) = 1386*u 